*v - 2*z = -14. Let k = v - 0. Suppose -3*d = k*q - 30, q + 16 = -3*q. What is the greatest common factor of d and 2?
2
Let u(f) = -f**2 + 2*f. Let d be u(1). Let o(c) = 7*c**2 + c - 1. Let t be o(d). Suppose t + 53 = 5*h. What is the highest common factor of h and 48?
12
Suppose -4*p - 660 = -8*p. Let z(j) = j**2 + 8*j - 5. Let f be z(-10). Calculate the greatest common factor of p and f.
15
Let o(w) = -6*w**3 - 2*w**2 - w. Let p(s) = -s + 7. Let c be p(9). Let u be o(c). What is the highest common divisor of 28 and u?
14
Let u = -195 + 273. What is the greatest common factor of u and 13?
13
Suppose -3*a = -63 + 3. Calculate the highest common factor of 20 and a.
20
Let x be (2/8 - 20/16)*-10. What is the greatest common factor of x and 30?
10
Let n be ((-6)/5)/(2/(-25)). Calculate the greatest common factor of n and 45.
15
Suppose -3*u + 22 = -4*h, -2*h + 5*h + 24 = 3*u. Let v = -3 + u. Let k = -1 - -2. What is the highest common factor of v and k?
1
Let g = -58 - -106. Suppose 5*h = -0*h + 60. What is the highest common factor of g and h?
12
Suppose -5*t + 3*a = -45, -t - a + 9 = -0*t. Suppose -z + t = 2*z. Suppose z*q = 3*g - 7*g, -4*q - 1 = 5*g. Calculate the greatest common factor of 30 and g.
3
Let f be (-3)/(-1) + (-1 - 2). Suppose -20 = -2*j - 2*j. Suppose f = -j*a + 15 + 10. What is the highest common factor of a and 35?
5
Let c = -17 - -24. Suppose 2*j = 3*n + 54, j + 5*n - n = 5. Calculate the greatest common divisor of c and j.
7
Let y be ((-9)/4)/(6/(-80)). Suppose -q - 5 = -m + 1, -y = -3*m - q. Calculate the highest common divisor of m and 1.
1
Let s(o) = -o**3 - 2*o**2 - 2*o + 2. Let n be s(-2). Suppose -3*a - 4*b = -4*a + n, -5*b = -5. Calculate the greatest common divisor of a and 90.
10
Let g = 40 - -20. Calculate the greatest common factor of g and 20.
20
Let j(d) = d**2 - 8*d + 8. Let k be j(7). Let o be ((-12)/(-7))/(10/35). Calculate the greatest common divisor of o and k.
1
Let k(u) = u**3 + 7*u**2 + 8*u + 14. Let x be k(-4). Calculate the highest common divisor of 6 and x.
6
Suppose -3*a - 5*j + 37 = 0, 5*a + 0*j - 15 = j. Suppose p = 11 + a. Calculate the highest common divisor of 5 and p.
5
Suppose 3*q - 7 = 5. Let v = -43 - -60. Let c = 29 - v. What is the greatest common divisor of c and q?
4
Let k be (64 - 1) + (2 - 1). Suppose -f - f = -k. What is the highest common divisor of 8 and f?
8
Let g be -2 + (6 - -2) + 0. Let h = g - -4. What is the highest common factor of h and 80?
10
Suppose 0 = -5*p + 2*b - 6*b - 3, -3*p = -4*b - 11. Suppose -4 = 3*x - 4*x. Let c be ((-6)/x)/(p/(-20)). What is the greatest common factor of 10 and c?
10
Suppose 4*t - 243 = 29. Let s = t + -26. Suppose 2*c = 11 + 1. What is the greatest common divisor of c and s?
6
Suppose 6*z + 4*x = 2*z + 148, 0 = -5*z - 3*x + 177. Suppose 4*w + j - 56 = 6*j, z = 5*w + 3*j. What is the greatest common factor of w and 54?
9
Let r = -225 + 468. What is the highest common factor of 27 and r?
27
Let i(t) = -t**2 + 6*t + 5. Let p be i(7). Let c be p/(-9) + 474/54. Calculate the highest common factor of 99 and c.
9
Let c = -4 + 29. Suppose c = 3*s - b, -3*b + 4 = -b. Calculate the greatest common factor of 9 and s.
9
Let l = -69 + 144. Calculate the highest common divisor of l and 45.
15
Let c be 4/6 + (-1309)/(-21). What is the greatest common factor of c and 9?
9
Let t(b) = -b**2 + 3*b + 5. Let d be t(4). Suppose 6*i - 5*i - d = 0. Calculate the highest common factor of i and 2.
1
Let p(y) = -y + 7. Let k be p(-5). What is the highest common factor of 8 and k?
4
Let n(q) = q**2 - 11*q. Let p be n(12). Calculate the highest common factor of p and 6.
6
Suppose 0 = 4*j + 14 + 2. Let r be j*9/6*-1. Let d be (28/21)/((-1)/(-36)). What is the greatest common factor of r and d?
6
Let h(z) = 2*z**3 + z - 1. Let b be h(1). Suppose -42 - 66 = -b*s. Calculate the greatest common divisor of 27 and s.
27
Suppose y + 11 - 5 = 0. Let x(v) = v**2 + 3*v + 8. Let z be x(y). What is the greatest common factor of z and 234?
26
Let f be 36 + (1 + 0 - 1). Suppose 193 = 5*i + 13. Suppose -4*a = -3*b - i, 2*a - 12 = 3*b - 0*b. What is the highest common divisor of f and a?
12
Let i = 1705 + -627. Suppose 4*d - i = -418. Suppose 3 + 12 = s. What is the greatest common factor of d and s?
15
Let y be 4/(-18) - (-376)/72. Suppose -31 = -y*i - 1. Let l = i - 3. Calculate the highest common factor of 33 and l.
3
Let d = -26 - -30. Let t be (-10 + 8)/(d/(-58)). What is the greatest common factor of 261 and t?
29
Suppose 3*w + 12 = 5*w. Suppose w*z - 36 = 3*z. What is the highest common factor of z and 12?
12
Suppose -11 = -5*b - 1. Let u = -294 + 609. Suppose -b*r - 3*r = -u. What is the greatest common divisor of r and 7?
7
Suppose 5*b - 47 = -5*m - 7, -3*b = 5*m - 36. Let n be m*((-280)/(-12))/7. What is the greatest common factor of 20 and n?
20
Suppose -2*l = -2*r + 10 + 16, -r + 2*l + 13 = 0. What is the greatest common factor of 91 and r?
13
Let u(r) = 3*r**2 - 5*r + 6. Let f be u(-6). Suppose 13 + 19 = 2*y. Calculate the highest common factor of f and y.
16
Let f be ((-35)/21)/((-1)/18). Calculate the highest common divisor of 12 and f.
6
Let g be (15*(4 + -1))/(36/48). What is the highest common factor of g and 45?
15
Let s = -18 - -31. Calculate the highest common factor of 117 and s.
13
Let j = -28 - -68. What is the greatest common divisor of 320 and j?
40
Let b(p) = p**2 - 13*p - 13. Let j be b(15). What is the greatest common divisor of j and 51?
17
Suppose 5*a + 20 = d, 13 = 5*d + 3*a + a. Suppose -d*w - 2*p = -61, 21 = -2*w + 5*w - 4*p. What is the greatest common factor of w and 44?
11
Let y be 174/8 + 1/4. Let n(k) = -27*k + 1. Let o be 2 - 1/(1/4). Let s be n(o). Calculate the greatest common divisor of s and y.
11
Let a(t) be the first derivative of 2*t**2 + t - 2. Let q be a(1). Suppose y - 3*u - 22 = -6, y = -4*u - q. Calculate the highest common divisor of y and 7.
7
Let v be 4 + (-1 - 1) - 11. Let l be 63/(-6)*6/v. Calculate the highest common divisor of l and 77.
7
Let t(h) = -h**2 - 3*h + 30. Let p be t(-7). What is the highest common factor of p and 2?
2
Let k(c) = c + 2. Let u be k(4). Let m be -5*((-504)/15)/u. What is the highest common divisor of 4 and m?
4
Let h(x) = -3*x + 4. Let o(f) = f - 1. Let z(l) = -h(l) + 2*o(l). Let j be z(8). What is the greatest common divisor of 51 and j?
17
Suppose -3*v + 45 = 2*f - 18, -4*f + 105 = 5*v. What is the highest common factor of 14 and v?
7
Let t be (-4)/(-14) + 152/7. What is the greatest common factor of t and 88?
22
Let o(t) = -1 + 0*t**3 - 3*t**3 + 2*t**3 - 3*t**2 + 2*t - 6*t. Let x be o(-3). What is the greatest common divisor of 1 and x?
1
Let a be (108/(-14))/((-6)/364). Calculate the greatest common factor of 52 and a.
52
Let y(g) = -g**3 + 3*g - 8*g**2 - 4*g - g**2 + 3. Suppose 4*m + 18 = 2*m. Let v be y(m). What is the highest common factor of v and 8?
4
Let z(g) = 52*g - 3. Let b be z(3). Let w(j) = 3*j**2 + 2*j - 1. Let u be w(-2). Suppose 3*v - 58 = -u. What is the highest common divisor of b and v?
17
Let p be 5 + (-4)/(4/3). Suppose 0*q = q - 3. Suppose 0 = -8*a + q*a + 10. What is the highest common factor of a and p?
2
Let b be (0 - 0)/((-7)/(-7)). Suppose b = 4*x - 32. Let r(q) = 2*q - 12. Let g be r(8). Calculate the highest common divisor of x and g.
4
Let f = 27 + -15. Calculate the greatest common divisor of 3 and f.
3
Let s be (-28)/(-6) - 6/9. Suppose -4*p = -2 - 6. Suppose 3*z - p*h - 17 = -h, 3*z - 15 = 3*h. What is the greatest common divisor of s and z?
2
Let n = 36 + -28. What is the highest common divisor of 4 and n?
4
Let x be ((-4)/3)/(2/(-276)). Suppose -5*b - 24 + 4 = 0, 5*f = b + x. Let i = 4 + 8. Calculate the greatest common divisor of i and f.
12
Suppose 5*i - k - 323 = 0, 5*k - 205 = -2*i - i. Suppose 2*y + 26 = 4*y. What is the greatest common divisor of i and y?
13
Let p be (-1 - -3) + -1 + 7. Let w(y) = y**3 - 8*y**2 + 9*y - 10. Let r be w(p). Let u = r + -42. Calculate the greatest common divisor of u and 8.
4
Suppose 0*d - 180 = -2*d. Let k = -101 + 116. Calculate the greatest common factor of k and d.
15
Suppose -9*a + 31 + 23 = 0. Suppose 15 = 6*o - o. What is the highest common factor of a and o?
3
Suppose 9 - 89 = -4*i - l, 4*l - 54 = -2*i. Calculate the grea